{"id":735,"date":"2026-03-12T11:41:32","date_gmt":"2026-03-12T02:41:32","guid":{"rendered":"https:\/\/www.ja-shinshinotsu.or.jp\/rice-site\/?page_id=735"},"modified":"2026-03-12T15:44:02","modified_gmt":"2026-03-12T06:44:02","slug":"traceability_fr","status":"publish","type":"page","link":"https:\/\/www.ja-shinshinotsu.or.jp\/rice-site\/fr\/traceability_fr\/","title":{"rendered":"Informations sur la tra\u00e7abilit\u00e9 de l&#8217;origine"},"content":{"rendered":"<style>.kb-row-layout-wrap.wp-block-kadence-rowlayout.kb-row-layout-id735_234e5c-53{margin-top:0px;margin-bottom:0px;}.kb-row-layout-id735_234e5c-53 > .kt-row-column-wrap{align-content:start;}:where(.kb-row-layout-id735_234e5c-53 > .kt-row-column-wrap) > .wp-block-kadence-column{justify-content:start;}.kb-row-layout-id735_234e5c-53 > .kt-row-column-wrap{column-gap:var(--global-kb-gap-md, 2rem);row-gap:var(--global-kb-gap-md, 2rem);max-width:1200px;margin-left:auto;margin-right:auto;padding-top:var(--global-kb-spacing-xxl, 5rem);padding-bottom:var(--global-kb-spacing-3xl, 6.5rem);grid-template-columns:minmax(0, 1fr);}.kb-row-layout-id735_234e5c-53 > .kt-row-layout-overlay{opacity:0.30;}@media all and (max-width: 1024px){.kb-row-layout-id735_234e5c-53 > .kt-row-column-wrap{grid-template-columns:minmax(0, 1fr);}}@media all and (max-width: 767px){.kb-row-layout-id735_234e5c-53 > .kt-row-column-wrap{grid-template-columns:minmax(0, 1fr);}}<\/style><div class=\"kb-row-layout-wrap kb-row-layout-id735_234e5c-53 alignfull has-white-background-color kt-row-has-bg about wp-block-kadence-rowlayout\"><div class=\"kt-row-column-wrap kt-has-1-columns kt-row-layout-equal kt-tab-layout-inherit kt-mobile-layout-row kt-row-valign-top\">\n<style>.kadence-column735_18d440-01 > .kt-inside-inner-col,.kadence-column735_18d440-01 > .kt-inside-inner-col:before{border-top-left-radius:0px;border-top-right-radius:0px;border-bottom-right-radius:0px;border-bottom-left-radius:0px;}.kadence-column735_18d440-01 > .kt-inside-inner-col{column-gap:var(--global-kb-gap-sm, 1rem);}.kadence-column735_18d440-01 > .kt-inside-inner-col{flex-direction:column;}.kadence-column735_18d440-01 > .kt-inside-inner-col > .aligncenter{width:100%;}.kadence-column735_18d440-01 > .kt-inside-inner-col:before{opacity:0.3;}.kadence-column735_18d440-01{position:relative;}@media all and (max-width: 1024px){.kadence-column735_18d440-01 > .kt-inside-inner-col{flex-direction:column;justify-content:center;}}@media all and (max-width: 767px){.kadence-column735_18d440-01 > .kt-inside-inner-col{flex-direction:column;justify-content:center;}}<\/style>\n<div class=\"wp-block-kadence-column kadence-column735_18d440-01\"><div class=\"kt-inside-inner-col\"><style>.wp-block-kadence-advancedheading.kt-adv-heading735_46a241-a5, .wp-block-kadence-advancedheading.kt-adv-heading735_46a241-a5[data-kb-block=\"kb-adv-heading735_46a241-a5\"]{font-style:normal;}.wp-block-kadence-advancedheading.kt-adv-heading735_46a241-a5 mark.kt-highlight, .wp-block-kadence-advancedheading.kt-adv-heading735_46a241-a5[data-kb-block=\"kb-adv-heading735_46a241-a5\"] mark.kt-highlight{font-style:normal;color:#f76a0c;-webkit-box-decoration-break:clone;box-decoration-break:clone;padding-top:0px;padding-right:0px;padding-bottom:0px;padding-left:0px;}.wp-block-kadence-advancedheading.kt-adv-heading735_46a241-a5 img.kb-inline-image, .wp-block-kadence-advancedheading.kt-adv-heading735_46a241-a5[data-kb-block=\"kb-adv-heading735_46a241-a5\"] img.kb-inline-image{width:150px;vertical-align:baseline;}<\/style>\n<h1 class=\"kt-adv-heading735_46a241-a5 is-style-section_ttl c-section-title wp-block-kadence-advancedheading\" data-kb-block=\"kb-adv-heading735_46a241-a5\"><span class=\"swl-format-1\">Informations sur la tra\u00e7abilit\u00e9 de l&#8217;origine<\/span><\/h1>\n\n\n<style>.wp-block-kadence-advancedheading.kt-adv-heading735_0e6d51-16, .wp-block-kadence-advancedheading.kt-adv-heading735_0e6d51-16[data-kb-block=\"kb-adv-heading735_0e6d51-16\"]{margin-bottom:var(--global-kb-spacing-sm, 1.5rem);font-style:normal;}.wp-block-kadence-advancedheading.kt-adv-heading735_0e6d51-16 mark.kt-highlight, .wp-block-kadence-advancedheading.kt-adv-heading735_0e6d51-16[data-kb-block=\"kb-adv-heading735_0e6d51-16\"] mark.kt-highlight{font-style:normal;color:#f76a0c;-webkit-box-decoration-break:clone;box-decoration-break:clone;padding-top:0px;padding-right:0px;padding-bottom:0px;padding-left:0px;}.wp-block-kadence-advancedheading.kt-adv-heading735_0e6d51-16 img.kb-inline-image, .wp-block-kadence-advancedheading.kt-adv-heading735_0e6d51-16[data-kb-block=\"kb-adv-heading735_0e6d51-16\"] img.kb-inline-image{width:150px;vertical-align:baseline;}<\/style>\n<p class=\"kt-adv-heading735_0e6d51-16 wp-block-kadence-advancedheading\" data-kb-block=\"kb-adv-heading735_0e6d51-16\">La tra\u00e7abilit\u00e9 de l&#8217;origine est un syst\u00e8me qui enregistre et suit chaque \u00e9tape, de la production \u00e0 la distribution, afin de garantir la s\u00e9curit\u00e9 du produit. Le riz de Shin-shinotsu garantit une fiabilit\u00e9 de niveau international gr\u00e2ce aux syst\u00e8mes suivants :<\/p>\n\n\n\n<div class=\"swell-block-columns u-mb-ctrl u-mb-40\" style=\"--clmn-w--pc:33.33%;--clmn-w--tab:100%;--swl-clmn-mrgn--x:3rem;--swl-clmn-mrgn--y:4rem\" data-valign=\"top\"><div class=\"swell-block-columns__inner\">\n<div class=\"swell-block-column swl-has-mb--s\">\n<h3 class=\"wp-block-heading has-text-align-center u-mb-ctrl u-mb-10 has-text-color has-link-color wp-elements-a8c5b5b8e9a3c300214d18d08233b3d2\" style=\"color:#a88545\"><span class=\"swl-format-1\">Gestion rigoureuse de l&#8217;historique de production<\/span><\/h3>\n\n\n\n<figure class=\"wp-block-image size-full\"><img decoding=\"async\" width=\"232\" height=\"232\" src=\"https:\/\/www.ja-shinshinotsu.or.jp\/rice-site\/manager\/wp-content\/uploads\/2026\/02\/img_traceability01.webp\" alt=\"Gestion rigoureuse de l'historique de production\" class=\"wp-image-67\" srcset=\"https:\/\/www.ja-shinshinotsu.or.jp\/rice-site\/manager\/wp-content\/uploads\/2026\/02\/img_traceability01.webp 232w, https:\/\/www.ja-shinshinotsu.or.jp\/rice-site\/manager\/wp-content\/uploads\/2026\/02\/img_traceability01-150x150.webp 150w\" sizes=\"(max-width: 232px) 100vw, 232px\" \/><\/figure>\n\n\n\n<p class=\"u-mb-ctrl u-mb-15 has-black-color has-text-color has-link-color wp-elements-95cdb7e56a7fee1ec3c40afe4b045ca9\">Un code de gestion est attribu\u00e9 \u00e0 chaque produit, permettant de suivre pr\u00e9cis\u00e9ment quand, dans quel champ et par qui il a \u00e9t\u00e9 produit.<\/p>\n\n\n<style>.wp-block-kadence-advancedheading.kt-adv-heading735_03468c-73, .wp-block-kadence-advancedheading.kt-adv-heading735_03468c-73[data-kb-block=\"kb-adv-heading735_03468c-73\"]{padding-top:4px;padding-right:8px;padding-bottom:4px;padding-left:8px;text-align:left;font-size:17px;font-style:normal;background-color:#a88545;}.wp-block-kadence-advancedheading.kt-adv-heading735_03468c-73 mark.kt-highlight, .wp-block-kadence-advancedheading.kt-adv-heading735_03468c-73[data-kb-block=\"kb-adv-heading735_03468c-73\"] mark.kt-highlight{font-style:normal;color:#f76a0c;-webkit-box-decoration-break:clone;box-decoration-break:clone;padding-top:0px;padding-right:0px;padding-bottom:0px;padding-left:0px;}.wp-block-kadence-advancedheading.kt-adv-heading735_03468c-73 img.kb-inline-image, .wp-block-kadence-advancedheading.kt-adv-heading735_03468c-73[data-kb-block=\"kb-adv-heading735_03468c-73\"] img.kb-inline-image{width:150px;vertical-align:baseline;}@media all and (max-width: 767px){.wp-block-kadence-advancedheading.kt-adv-heading735_03468c-73, .wp-block-kadence-advancedheading.kt-adv-heading735_03468c-73[data-kb-block=\"kb-adv-heading735_03468c-73\"]{padding-right:var(--global-kb-spacing-xxs, 0.5rem);padding-bottom:var(--global-kb-spacing-xxs, 0.5rem);padding-left:var(--global-kb-spacing-xxs, 0.5rem);}}<\/style>\n<h4 class=\"kt-adv-heading735_03468c-73 is-style-section_ttl u-mb-ctrl u-mb-5 wp-block-kadence-advancedheading has-white-color has-text-color\" data-kb-block=\"kb-adv-heading735_03468c-73\">Enregistrement des donn\u00e9es<\/h4>\n\n\n\n<p class=\"u-mb-ctrl u-mb-15 has-black-color has-text-color has-link-color wp-elements-a8cfcf4afce330137ff74e759f06a8ad\">Toutes les activit\u00e9s agricoles, des semis \u00e0 la r\u00e9colte, font l&#8217;objet d&#8217;un enregistrement num\u00e9rique.<\/p>\n\n\n<style>.wp-block-kadence-advancedheading.kt-adv-heading735_536602-41, .wp-block-kadence-advancedheading.kt-adv-heading735_536602-41[data-kb-block=\"kb-adv-heading735_536602-41\"]{padding-top:4px;padding-right:8px;padding-bottom:4px;padding-left:8px;text-align:left;font-size:17px;font-style:normal;color:#ffffff;background-color:#a88545;}.wp-block-kadence-advancedheading.kt-adv-heading735_536602-41 mark.kt-highlight, .wp-block-kadence-advancedheading.kt-adv-heading735_536602-41[data-kb-block=\"kb-adv-heading735_536602-41\"] mark.kt-highlight{font-style:normal;color:#f76a0c;-webkit-box-decoration-break:clone;box-decoration-break:clone;padding-top:0px;padding-right:0px;padding-bottom:0px;padding-left:0px;}.wp-block-kadence-advancedheading.kt-adv-heading735_536602-41 img.kb-inline-image, .wp-block-kadence-advancedheading.kt-adv-heading735_536602-41[data-kb-block=\"kb-adv-heading735_536602-41\"] img.kb-inline-image{width:150px;vertical-align:baseline;}<\/style>\n<h4 class=\"kt-adv-heading735_536602-41 is-style-section_ttl u-mb-ctrl u-mb-5 wp-block-kadence-advancedheading\" data-kb-block=\"kb-adv-heading735_536602-41\">Pr\u00e9vention de la fraude<\/h4>\n\n\n\n<p class=\"has-black-color has-text-color has-link-color wp-elements-1c24e2e25b2411fdd2c904a398460e66\">L&#8217;origine exacte du riz peut \u00eatre v\u00e9rifi\u00e9e instantan\u00e9ment via le code pr\u00e9sent sur l&#8217;emballage.<\/p>\n<\/div>\n\n\n\n<div class=\"swell-block-column swl-has-mb--s\">\n<h3 class=\"wp-block-heading has-text-align-center u-mb-ctrl u-mb-10 has-text-color has-link-color wp-elements-09b7f0dd778195a4a2c36fe59e5e0ade\" style=\"color:#a88545\"><span class=\"swl-format-1\">Certification internationale<\/span><br><span class=\"swl-format-1\">\u00ab GLOBALG.A.P. \u00bb<\/span><\/h3>\n\n\n\n<figure class=\"wp-block-image size-full\"><img decoding=\"async\" width=\"231\" height=\"232\" src=\"https:\/\/www.ja-shinshinotsu.or.jp\/rice-site\/manager\/wp-content\/uploads\/2026\/02\/img_traceability02.webp\" alt=\"Certification internationale\n\u00ab GLOBALG.A.P. \u00bb\" class=\"wp-image-69\" srcset=\"https:\/\/www.ja-shinshinotsu.or.jp\/rice-site\/manager\/wp-content\/uploads\/2026\/02\/img_traceability02.webp 231w, https:\/\/www.ja-shinshinotsu.or.jp\/rice-site\/manager\/wp-content\/uploads\/2026\/02\/img_traceability02-150x150.webp 150w\" sizes=\"(max-width: 231px) 100vw, 231px\" \/><\/figure>\n\n\n\n<p class=\"u-mb-ctrl u-mb-15 has-black-color has-text-color has-link-color wp-elements-903559814d1e6571c3bdd07a361e45f6\">Seules les exploitations ayant r\u00e9ussi les audits mondiaux en mati\u00e8re de s\u00e9curit\u00e9 alimentaire, de conditions de travail et de protection de l&#8217;environnement produisent ce riz.<\/p>\n\n\n<style>.wp-block-kadence-advancedheading.kt-adv-heading735_a36eb4-ab, .wp-block-kadence-advancedheading.kt-adv-heading735_a36eb4-ab[data-kb-block=\"kb-adv-heading735_a36eb4-ab\"]{padding-top:4px;padding-right:8px;padding-bottom:4px;padding-left:8px;text-align:left;font-size:17px;font-style:normal;color:#ffffff;background-color:#a88545;}.wp-block-kadence-advancedheading.kt-adv-heading735_a36eb4-ab mark.kt-highlight, .wp-block-kadence-advancedheading.kt-adv-heading735_a36eb4-ab[data-kb-block=\"kb-adv-heading735_a36eb4-ab\"] mark.kt-highlight{font-style:normal;color:#f76a0c;-webkit-box-decoration-break:clone;box-decoration-break:clone;padding-top:0px;padding-right:0px;padding-bottom:0px;padding-left:0px;}.wp-block-kadence-advancedheading.kt-adv-heading735_a36eb4-ab img.kb-inline-image, .wp-block-kadence-advancedheading.kt-adv-heading735_a36eb4-ab[data-kb-block=\"kb-adv-heading735_a36eb4-ab\"] img.kb-inline-image{width:150px;vertical-align:baseline;}<\/style>\n<h4 class=\"kt-adv-heading735_a36eb4-ab is-style-section_ttl u-mb-ctrl u-mb-5 wp-block-kadence-advancedheading\" data-kb-block=\"kb-adv-heading735_a36eb4-ab\">Un standard commun dans plus de 120 pays<\/h4>\n\n\n\n<p class=\"u-mb-ctrl u-mb-15 has-black-color has-text-color has-link-color wp-elements-32949124cad391403d42d8c3eaa7c980\">C&#8217;est la preuve, reconnue internationalement, de \u00ab produits agricoles s\u00fbrs \u00bb.<\/p>\n\n\n<style>.wp-block-kadence-advancedheading.kt-adv-heading735_102dfa-fc, .wp-block-kadence-advancedheading.kt-adv-heading735_102dfa-fc[data-kb-block=\"kb-adv-heading735_102dfa-fc\"]{padding-top:4px;padding-right:8px;padding-bottom:4px;padding-left:8px;text-align:left;font-size:17px;font-style:normal;color:#ffffff;background-color:#a88545;}.wp-block-kadence-advancedheading.kt-adv-heading735_102dfa-fc mark.kt-highlight, .wp-block-kadence-advancedheading.kt-adv-heading735_102dfa-fc[data-kb-block=\"kb-adv-heading735_102dfa-fc\"] mark.kt-highlight{font-style:normal;color:#f76a0c;-webkit-box-decoration-break:clone;box-decoration-break:clone;padding-top:0px;padding-right:0px;padding-bottom:0px;padding-left:0px;}.wp-block-kadence-advancedheading.kt-adv-heading735_102dfa-fc img.kb-inline-image, .wp-block-kadence-advancedheading.kt-adv-heading735_102dfa-fc[data-kb-block=\"kb-adv-heading735_102dfa-fc\"] img.kb-inline-image{width:150px;vertical-align:baseline;}<\/style>\n<h4 class=\"kt-adv-heading735_102dfa-fc is-style-section_ttl u-mb-ctrl u-mb-5 wp-block-kadence-advancedheading\" data-kb-block=\"kb-adv-heading735_102dfa-fc\">Agriculture durable<\/h4>\n\n\n\n<p class=\"u-mb-ctrl u-mb-15 has-black-color has-text-color has-link-color wp-elements-2e0a9e1f3a432bf6e0f4b968df91342d\">Un organisme tiers certifie que la gestion des ressources et des risques est effectu\u00e9e de mani\u00e8re appropri\u00e9e.<\/p>\n<\/div>\n\n\n\n<div class=\"swell-block-column swl-has-mb--s\">\n<h3 class=\"wp-block-heading has-text-align-center u-mb-ctrl u-mb-10 has-text-color has-link-color wp-elements-286b51d917c99fe6155537b1433fb00d\" style=\"color:#a88545\"><span class=\"swl-format-1\">Syst\u00e8me de culture \u00e0 usage r\u00e9duit de pesticides<\/span><\/h3>\n\n\n\n<figure class=\"wp-block-image size-full\"><img decoding=\"async\" width=\"232\" height=\"232\" src=\"https:\/\/www.ja-shinshinotsu.or.jp\/rice-site\/manager\/wp-content\/uploads\/2026\/02\/img_traceability03.webp\" alt=\"Syst\u00e8me de culture \u00e0 usage r\u00e9duit de pesticides\" class=\"wp-image-70\" srcset=\"https:\/\/www.ja-shinshinotsu.or.jp\/rice-site\/manager\/wp-content\/uploads\/2026\/02\/img_traceability03.webp 232w, https:\/\/www.ja-shinshinotsu.or.jp\/rice-site\/manager\/wp-content\/uploads\/2026\/02\/img_traceability03-150x150.webp 150w\" sizes=\"(max-width: 232px) 100vw, 232px\" \/><\/figure>\n\n\n\n<p class=\"u-mb-ctrl u-mb-15 has-black-color has-text-color has-link-color wp-elements-1ac1e9755f0ef65ea985db356d0c4db2\">Nous g\u00e9rons strictement le processus visant \u00e0 minimiser l&#8217;utilisation de pesticides chimiques.<\/p>\n\n\n<style>.wp-block-kadence-advancedheading.kt-adv-heading735_23274f-37, .wp-block-kadence-advancedheading.kt-adv-heading735_23274f-37[data-kb-block=\"kb-adv-heading735_23274f-37\"]{padding-top:4px;padding-right:8px;padding-bottom:4px;padding-left:8px;text-align:left;font-size:17px;font-style:normal;color:#ffffff;background-color:#a88545;}.wp-block-kadence-advancedheading.kt-adv-heading735_23274f-37 mark.kt-highlight, .wp-block-kadence-advancedheading.kt-adv-heading735_23274f-37[data-kb-block=\"kb-adv-heading735_23274f-37\"] mark.kt-highlight{font-style:normal;color:#f76a0c;-webkit-box-decoration-break:clone;box-decoration-break:clone;padding-top:0px;padding-right:0px;padding-bottom:0px;padding-left:0px;}.wp-block-kadence-advancedheading.kt-adv-heading735_23274f-37 img.kb-inline-image, .wp-block-kadence-advancedheading.kt-adv-heading735_23274f-37[data-kb-block=\"kb-adv-heading735_23274f-37\"] img.kb-inline-image{width:150px;vertical-align:baseline;}<\/style>\n<h4 class=\"kt-adv-heading735_23274f-37 is-style-section_ttl u-mb-ctrl u-mb-5 wp-block-kadence-advancedheading\" data-kb-block=\"kb-adv-heading735_23274f-37\">Respect des normes de r\u00e9duction<\/h4>\n\n\n\n<p class=\"u-mb-ctrl u-mb-15 has-black-color has-text-color has-link-color wp-elements-a951ae73a0b59e910214e1e10fd157b0\">R\u00e9duction de l&#8217;utilisation de pesticides chimiques de 50 % ou plus par rapport aux normes de culture conventionnelle de Hokkaido.<\/p>\n\n\n<style>.wp-block-kadence-advancedheading.kt-adv-heading735_34fdb2-15, .wp-block-kadence-advancedheading.kt-adv-heading735_34fdb2-15[data-kb-block=\"kb-adv-heading735_34fdb2-15\"]{padding-top:4px;padding-right:8px;padding-bottom:4px;padding-left:8px;text-align:left;font-size:17px;font-style:normal;color:#ffffff;background-color:#a88545;}.wp-block-kadence-advancedheading.kt-adv-heading735_34fdb2-15 mark.kt-highlight, .wp-block-kadence-advancedheading.kt-adv-heading735_34fdb2-15[data-kb-block=\"kb-adv-heading735_34fdb2-15\"] mark.kt-highlight{font-style:normal;color:#f76a0c;-webkit-box-decoration-break:clone;box-decoration-break:clone;padding-top:0px;padding-right:0px;padding-bottom:0px;padding-left:0px;}.wp-block-kadence-advancedheading.kt-adv-heading735_34fdb2-15 img.kb-inline-image, .wp-block-kadence-advancedheading.kt-adv-heading735_34fdb2-15[data-kb-block=\"kb-adv-heading735_34fdb2-15\"] img.kb-inline-image{width:150px;vertical-align:baseline;}<\/style>\n<h4 class=\"kt-adv-heading735_34fdb2-15 is-style-section_ttl u-mb-ctrl u-mb-5 wp-block-kadence-advancedheading\" data-kb-block=\"kb-adv-heading735_34fdb2-15\">Divulgation compl\u00e8te des produits utilis\u00e9s<\/h4>\n\n\n\n<p class=\"u-mb-ctrl u-mb-15 has-black-color has-text-color has-link-color wp-elements-ebcb0a2089009aaf458fb0e5c5877048\">Le type, l&#8217;usage et la p\u00e9riode d&#8217;application de tous les produits utilis\u00e9s sont int\u00e9gralement enregistr\u00e9s et g\u00e9r\u00e9s.<\/p>\n\n\n<style>.wp-block-kadence-advancedheading.kt-adv-heading735_f26ff7-aa, .wp-block-kadence-advancedheading.kt-adv-heading735_f26ff7-aa[data-kb-block=\"kb-adv-heading735_f26ff7-aa\"]{padding-top:4px;padding-right:8px;padding-bottom:4px;padding-left:8px;text-align:left;font-size:17px;font-style:normal;color:#ffffff;background-color:#a88545;}.wp-block-kadence-advancedheading.kt-adv-heading735_f26ff7-aa mark.kt-highlight, .wp-block-kadence-advancedheading.kt-adv-heading735_f26ff7-aa[data-kb-block=\"kb-adv-heading735_f26ff7-aa\"] mark.kt-highlight{font-style:normal;color:#f76a0c;-webkit-box-decoration-break:clone;box-decoration-break:clone;padding-top:0px;padding-right:0px;padding-bottom:0px;padding-left:0px;}.wp-block-kadence-advancedheading.kt-adv-heading735_f26ff7-aa img.kb-inline-image, .wp-block-kadence-advancedheading.kt-adv-heading735_f26ff7-aa[data-kb-block=\"kb-adv-heading735_f26ff7-aa\"] img.kb-inline-image{width:150px;vertical-align:baseline;}<\/style>\n<h4 class=\"kt-adv-heading735_f26ff7-aa is-style-section_ttl u-mb-ctrl u-mb-5 wp-block-kadence-advancedheading\" data-kb-block=\"kb-adv-heading735_f26ff7-aa\">Conformit\u00e9 aux directives officielles<\/h4>\n\n\n\n<p class=\"u-mb-ctrl u-mb-15 has-black-color has-text-color has-link-color wp-elements-2f75f0cda75560e418f15f63ea70dfb8\">Culture rigoureuse bas\u00e9e sur les normes d&#8217;agriculture propre de Hokkaido (ex. \u00ab Yes!clean \u00bb) pour garantir le respect de l&#8217;environnement et la s\u00e9curit\u00e9.<\/p>\n<\/div>\n<\/div><\/div>\n<\/div><\/div>\n\n<\/div><\/div>","protected":false},"excerpt":{"rendered":"<p>Informations sur la tra\u00e7abilit\u00e9 de l&#8217;origine La tra\u00e7abilit\u00e9 de l&#8217;origine est un syst\u00e8me qui enregi [&hellip;]<\/p>\n","protected":false},"author":1,"featured_media":0,"parent":0,"menu_order":120,"comment_status":"closed","ping_status":"closed","template":"template-gaba.php","meta":{"swell_btn_cv_data":"","footnotes":""},"class_list":["post-735","page","type-page","status-publish","hentry"],"_links":{"self":[{"href":"https:\/\/www.ja-shinshinotsu.or.jp\/rice-site\/wp-json\/wp\/v2\/pages\/735","targetHints":{"allow":["GET"]}}],"collection":[{"href":"https:\/\/www.ja-shinshinotsu.or.jp\/rice-site\/wp-json\/wp\/v2\/pages"}],"about":[{"href":"https:\/\/www.ja-shinshinotsu.or.jp\/rice-site\/wp-json\/wp\/v2\/types\/page"}],"author":[{"embeddable":true,"href":"https:\/\/www.ja-shinshinotsu.or.jp\/rice-site\/wp-json\/wp\/v2\/users\/1"}],"replies":[{"embeddable":true,"href":"https:\/\/www.ja-shinshinotsu.or.jp\/rice-site\/wp-json\/wp\/v2\/comments?post=735"}],"version-history":[{"count":0,"href":"https:\/\/www.ja-shinshinotsu.or.jp\/rice-site\/wp-json\/wp\/v2\/pages\/735\/revisions"}],"wp:attachment":[{"href":"https:\/\/www.ja-shinshinotsu.or.jp\/rice-site\/wp-json\/wp\/v2\/media?parent=735"}],"curies":[{"name":"wp","href":"https:\/\/api.w.org\/{rel}","templated":true}]}}